{"id":1743,"date":"2008-11-14T08:26:40","date_gmt":"2008-11-14T06:26:40","guid":{"rendered":"http:\/\/prevencion.zeus.umh.es\/2008\/11\/14\/obras-sin-proyecto-coordinacion-de-prevencion-de-riesgos-laborales-en-peque\u00f1as-obras-o-instalaciones-carentes-de-proyecto\/"},"modified":"2017-06-08T09:23:50","modified_gmt":"2017-06-08T07:23:50","slug":"obras-sin-proyecto-coordinacion-de-prevencion-de-riesgos-laborales-en-pequenas-obras-o-instalaciones-carentes-de-proyecto","status":"publish","type":"page","link":"https:\/\/prevencion.umh.es\/ca\/procedimientos\/coordinacion-de-actividades-empresariales-en-prl-a24-lprl\/obras-sin-proyecto-coordinacion-de-prevencion-de-riesgos-laborales-en-pequenas-obras-o-instalaciones-carentes-de-proyecto\/","title":{"rendered":"Coordinacion  PRL peque\u00f1as Obras o Instalaciones sin proyecto"},"content":{"rendered":"<p>El procedimiento que sigue tiene como objetivo el establecer los medios de coordinaci\u00f3n necesarios para garantizar la prevenci\u00f3n de riesgos laborales y la informaci\u00f3n sobre los mismos a las empresas externas y trabajadores aut\u00f3nomos que realicen trabajos o peque\u00f1as obras de una envergadura que los hacen carentes de proyecto y, por consiguiente, eximentes al cumplimiento de la normativa emanada en las disposiciones m\u00ednimas de seguridad y salud en las obras de construcci\u00f3n detalladas en el Real Decreto 1627\/1997, salvo que en dicha obra intervengan de forma concurrente varias empresas, que implicar\u00e1 que deber\u00e1 determinarse e intervenir el Coordinador de Seguridad y Salud en fase de Obra.<\/p>\n<p><em><img src=\"https:\/\/prevencion.umh.es\/files\/2008\/04\/word.gif\" alt=\"word.gif\" \/><a href='https:\/\/prevencion.umh.es\/files\/2012\/01\/coordinacion-prl-pequenas-obras-sin-proyecto-v22.doc'>Coordinaci\u00f3n PRL peque\u00f1as obras sin proyecto v2.2<br \/>\n<\/em><br \/>\n<em>Ultima publicaci\u00f3n: 16\/10\/2009<\/em><\/p>","protected":false},"excerpt":{"rendered":"<p>El procedimiento que sigue tiene como objetivo el establecer los medios de coordinaci\u00f3n necesarios para garantizar la prevenci\u00f3n de riesgos laborales y la informaci\u00f3n sobre los mismos a las empresas externas y trabajadores aut\u00f3nomos que realicen trabajos o peque\u00f1as obras de una envergadura que los hacen carentes de proyecto y, por consiguiente, eximentes al cumplimiento [&#8230;]<\/p>\n","protected":false},"author":131,"featured_media":0,"parent":2174,"menu_order":20,"comment_status":"closed","ping_status":"open","template":"","meta":{"_links_to":"","_links_to_target":""},"_links":{"self":[{"href":"https:\/\/prevencion.umh.es\/ca\/wp-json\/wp\/v2\/pages\/1743"}],"collection":[{"href":"https:\/\/prevencion.umh.es\/ca\/wp-json\/wp\/v2\/pages"}],"about":[{"href":"https:\/\/prevencion.umh.es\/ca\/wp-json\/wp\/v2\/types\/page"}],"author":[{"embeddable":true,"href":"https:\/\/prevencion.umh.es\/ca\/wp-json\/wp\/v2\/users\/131"}],"replies":[{"embeddable":true,"href":"https:\/\/prevencion.umh.es\/ca\/wp-json\/wp\/v2\/comments?post=1743"}],"version-history":[{"count":0,"href":"https:\/\/prevencion.umh.es\/ca\/wp-json\/wp\/v2\/pages\/1743\/revisions"}],"up":[{"embeddable":true,"href":"https:\/\/prevencion.umh.es\/ca\/wp-json\/wp\/v2\/pages\/2174"}],"wp:attachment":[{"href":"https:\/\/prevencion.umh.es\/ca\/wp-json\/wp\/v2\/media?parent=1743"}],"curies":[{"name":"wp","href":"https:\/\/api.w.org\/{rel}","templated":true}]}}

http://prevencion.zeus.umh.es/2008/11/14/obras-sin-proyecto-coordinacion-de-prevencion-de-riesgos-laborales-en-pequeñas-obras-o-instalaciones-carentes-de-proyecto/

Coordinacion  PRL pequeñas Obras o Instalaciones sin proyecto

<p>El procedimiento que sigue tiene como objetivo el establecer los medios de coordinación necesarios para garantizar la prevención de riesgos laborales y la información sobre los mismos a las empresas externas y trabajadores autónomos que realicen trabajos o pequeñas obras de una envergadura que los hacen carentes de proyecto y, por consiguiente, eximentes al cumplimiento de la normativa emanada en las disposiciones mínimas de seguridad y salud en las obras de construcción detalladas en el Real Decreto 1627/1997, salvo que en dicha obra intervengan de forma concurrente varias empresas, que implicará que deberá determinarse e intervenir el Coordinador de Seguridad y Salud en fase de Obra.</p>
<p><em><img src="https://prevencion.umh.es/files/2008/04/word.gif" alt="word.gif" /><a href='https://prevencion.umh.es/files/2012/01/coordinacion-prl-pequenas-obras-sin-proyecto-v22.doc'>Coordinación PRL pequeñas obras sin proyecto v2.2<br />
</em><br />
<em>Ultima publicación: 16/10/2009</em></p>

<p>El procedimiento que sigue tiene como objetivo el establecer los medios de coordinación necesarios para garantizar la prevención de riesgos laborales y la información sobre los mismos a las empresas externas y trabajadores autónomos que realicen trabajos o pequeñas obras de una envergadura que los hacen carentes de proyecto y, por consiguiente, eximentes al cumplimiento [&#8230;]</p>
